 16?
-2404
What is -11220 (base 4) in base 14?
-1ba
Convert -110011110110 (base 2) to base 16.
-cf6
Convert 1010 (base 2) to base 10.
10
Convert -111001 (base 3) to base 8.
-540
What is 101201 (base 3) in base 14?
169
Convert 62 (base 10) to base 3.
2022
Convert -1b74 (base 15) to base 2.
-1011101000111
Convert -125 (base 7) to base 3.
-2112
Convert -4111 (base 6) to base 7.
-2434
Convert -151006 (base 9) to base 14.
-25a57
Convert 60542 (base 8) to base 11.
17804
154db (base 15) to base 4
100233332
Convert -1002121 (base 3) to base 2.
-1100011111
What is -2184 (base 9) in base 14?
-835
-11322 (base 4) to base 2
-101111010
What is 8408 (base 14) in base 3?
1011012101
Convert -32732 (base 8) to base 16.
-35da
-23213021 (base 4) to base 10
-47561
Convert c3a (base 15) to base 5.
42010
What is 12211020 (base 3) in base 8?
10225
4111 (base 6) to base 16
38b
What is -123302 (base 4) in base 9?
-2385
What is 34161 (base 8) in base 13?
6766
What is -13223 (base 6) in base 16?
-7ef
Convert 1101110100 (base 2) to base 15.
3de
Convert -1048 (base 14) to base 5.
-42213
-124b4 (base 14) to base 5
-2413341
What is -9a3 (base 12) in base 9?
-1846
Convert -124 (base 16) to base 6.
-1204
Convert -78 (base 13) to base 5.
-344
-325 (base 9) to base 3
-100212
Convert 52540 (base 9) to base 16.
8790
What is 1220001 (base 3) in base 13?
820
-663 (base 7) to base 16
-153
1cbe (base 15) to base 3
22120122
10011001100 (base 2) to base 8
2314
What is 333322 (base 6) in base 15?
845b
Convert -1440 (base 8) to base 9.
-1078
What is 228 (base 12) in base 9?
385
97 (base 16) to base 8
227
What is 16606 (base 11) in base 6?
300051
1913 (base 11) to base 10
2434
What is 230023 (base 4) in base 9?
3781
53233 (base 6) to base 15
2216
What is 14976 (base 10) in base 14?
565a
Convert -8c1 (base 13) to base 9.
-2056
What is -568 (base 9) in base 11?
-395
What is -3617 (base 13) in base 4?
-1313021
ac40 (base 15) to base 10
36510
-34244 (base 7) to base 11
-65a4
-1310 (base 6) to base 3
-110020
485 (base 14) to base 11
74a
Convert -1001101110011001 (base 2) to base 6.
-504225
Convert -367 (base 10) to base 12.
-267
What is -102 (base 7) in base 10?
-51
Convert -625 (base 9) to base 5.
-4014
Convert -d42 (base 16) to base 8.
-6502
What is 754 (base 8) in base 10?
492
What is -1106 (base 7) in base 12?
-292
Convert 432 (base 7) to base 3.
22010
What is 222 (base 13) in base 4?
11232
What is 1d8 (base 14) in base 15?
1ab
What is -15169 (base 11) in base 5?
-1141432
-3966 (base 11) to base 5
-131104
1112 (base 11) to base 5
21330
Convert 1315 (base 9) to base 6.
4322
Convert -64b7 (base 16) to base 2.
-110010010110111
20b2 (base 13) to base 11
3457
2b6 (base 12) to base 2
110101010
Convert 739 (base 13) to base 8.
2317
a55 (base 16) to base 13
1286
-13268 (base 9) to base 2
-10001100001100
What is 112021 (base 4) in base 7?
4063
-11021 (base 6) to base 4
-113311
-7839 (base 14) to base 7
-114502
11314 (base 5) to base 9
1126
3301 (base 9) to base 12
14a7
What is 605 (base 12) in base 10?
869
323 (base 10) to base 6
1255
-51002 (base 6) to base 9
-10162
-78a6 (base 11) to base 4
-2202201
-232006 (base 7) to base 4
-22020211
What is -bd (base 16) in base 2?
-10111101
What is 2112212 (base 3) in base 12?
10ab
Convert 71 (base 11) to base 6.
210
What is 1203 (base 5) in base 2?
10110010
Convert -3461 (base 9) to base 10.
-2566
What is 51212 (base 10) in base 5?
3114322
-44399 (base 10) to base 4
-22311233
-200 (base 15) to base 12
-316
What is -302 (base 4) in base 9?
-55
Convert 205 (base 9) to base 4.
2213
What is 20a1 (base 13) in base 3?
20012121
-1632 (base 11) to base 15
-947
Convert 2b82 (base 13) to base 9.
8645
What is -14cb (base 15) in base 6?
-32402
What is -1000100101111000 (base 2) in base 13?
-13031
606 (base 14) to base 6
5250
What is 10111000000010 (base 2) in base 16?
2e02
Convert -6622 (base 8) to base 9.
-4680
Convert 21522 (base 6) to base 12.
18a2
Convert 6828 (base 16) to base 10.
26664
-3117 (base 10) to base 11
-2384
What is -1100011111000110 (base 2) in base 9?
-77134
a59b (base 12) to base 13
832a
-2eb (base 15) to base 2
-1010011111
-5310 (base 7) to base 8
-3515
201100 (base 3) to base 15
24c
11233331 (base 4) to base 9
35265
Convert -12202 (base 4) to base 14.
-21c
27436 (base 10) to base 14
9dda
-3de3 (base 15) to base 16
-33cf
What is -d57 (base 14) in base 5?
-41000
What is -10011001010 (base 2) in base 12?
-862
What is -11011101 (base 2) in base 13?
-140
1203134 (base 5) to base 6
251114
Convert -111000011010 (base 2) to base 6.
-24414
What is 2432 (base 5) in base 3?
111121
58682 (base 10) to base 13
20930
What is 11366 (base 7) in base 16?
b7b
28885 (base 11) to base 16
a01f
Convert 10001001111 (base 2) to base 8.
2117
What is -17541 (base 12) in base 16?
-8341
What is 154 (base 13) in base 9?
284
What is 2340 (base 15) in base 16?
1d3d
2341 (base 6) to base 3
202221
What is 365 (base 7) in base 3?
21012
-2d7 (base 14) to base 4
-21011
What is -261551 (base 7) in base 6?
-1013112
What is 698 (base 15) in base 3?
2001022
6a6 (base 16) to base 6
11514
Convert -102332 (base 4) to base 12.
-852
-24111 (base 7) to base 14
-23b1
Convert -2748 (base 9) to base 6.
-13325
Convert -827 (base 9) to base 10.
-673
What is -1116 (base 8) in base 2?
-1001001110
What is 30 (base 6) in base 9?
20
1100001111 (base 3) to base 8
63254
Convert abe4 (base 15) to base 7.
211144
Convert bb0 (base 12) to base 8.
3264
Convert 1212033 (base 4) to base 9.
8870
-22221 (base 5) to base 10
-1561
Convert -3db (base 16) to base 7.
-2610
What is -1011010000011 (base 2) in base 12?
-3403
-85b (base 16) to base 9
-2836
What is -2333010 (base 4) in base 9?
-17686
Convert e0f9 (base 16) to base 7.
326624
What is 1862 (base 11) in base 14?
c11
Convert -20513 (base 11) to base 10.
-29901
101010011111 (base 2) to base 3
10201201
-141335 (base 6) to base 3
-200020212
What is 1302 (base 6) in base 13?
1c1
1331130 (base 4) to base 5
224103
Convert 24c (base 15) to base 14.
294
117a (base 12) to base 16
7ae
Convert 15706 (base 10) to base 7.
63535
568 (base 12) to base 16
320
37115 (base 10) to base 3
1212220122
What is 25312 (base 6) in base 9?
5168
Convert 429 (base 10) to base 5.
3204
What is -332 (base 6) in base 5?
-1003
3b8 (base 16) to base 5
12302
What is -1030 (base 13) in base 2?
-100010111100
54 (base 6) to base 4
202
-13504 (base 6) to base 7
-6130
20186 (base 12) to base 9
63203
What is 83 (base 13) in base 10?
107
-1001212 (base 3) to base 4
-30023
What is -1442144 (base 5) in base 13?
-110ca
Convert -3d3 (base 15) to base 6.
-4013
What is 7620 (base 11) in base 9?
14723
Convert -845 (base 14) to base 3.
-2020100
Convert cd3c (base 16) to base 8.
146474
Convert 11ad (base 14) to base 11.
2362
30333010 (base 4) to base 12
26944
What is 313234 (base 5) in base 14?
3b40
-10244 (base 6) to base 7
-4033
What is -4e7 (base 15) in base 3?
-1112101
Convert 321220 (base 4) to base 15.
115d
Convert 469 (base 16) to base 5.
14004
What is -c11d (base 15) in base 9?
-61811
531 (base 8) to base 14
1a9
What is 14131 (base 8) in base 16?
1859
Convert -93 (base 11) to base 13.
-7b
What is -38b2 (base 15) in base 12?
-6bb8
3348 (base 15) to base 4
2221310
What is 4010 (base 7) in base 13?
821
Convert -4 (base 6) to base 4.
-10
Convert 13463 (base 7) to base 5.
104141
Convert 114042 (base 9) to base 16.
10bd4
Convert -1111010111001 (base 2) to base 12.
-4675
-831 (base 11) to base 13
-5c1
Convert -14b24 (base 13) to base 11.
-27531
Convert -1155 (base 9) to base 2.
-1101011100
-1727 (base 8) to base 4
-33113
What is 668 (base 11) in base 3?
1002122
Convert -10591 (base 10) to base 9.
-15467
Convert 25283 (base 9) to base 7.
100401
Convert c205 (base 14) to base 6.
414141
-30230001 (base 4) to base 7
-304341
Convert 8672 (base 11) to base 15.
35d8
Convert -20011122 (base 3) to base 8.
-10623
What is 3013244 (base 5) in base 7?
256536
Convert 185a (base 11) to base 8.
4474
Convert 137664 (base 8) to base 5.
3032301
Convert -475 (base 11) to base 2.
-1000110110
Convert -110110210 (base 3) to base 14.
-3457
-21434 (base 9) to base 16
-377e
139 (base 13) to base 15
e7
18004 (base 10) to base 5
1034004
2623 (base 11) to base 10
3413
Convert 1000101100 (base 2) to base 8.
1054
What is a626 (base 11) in 